{"id":5162,"date":"2026-02-16T16:44:41","date_gmt":"2026-02-16T16:44:41","guid":{"rendered":"https:\/\/projets-solidaires.la-guilde.org\/?post_type=projets-finances&#038;p=5162"},"modified":"2026-02-16T16:45:03","modified_gmt":"2026-02-16T16:45:03","slug":"ecocuenca-territoires-durable-des-andes","status":"publish","type":"projets-finances","link":"https:\/\/projets-solidaires.la-guilde.org\/en\/finance-projects\/ecocuenca-territoires-durable-des-andes\/","title":{"rendered":"Ecocuenca, Territoires durable des Andes"},"content":{"rendered":"","protected":false},"featured_media":5164,"template":"","pf-gt-programme":[1017],"pf-gt-laureat":[1007],"pf-gt-financeur":[192],"pf-gt-odd":[211,212,214],"pf-gt-pays-daction":[427],"pf-gt-sports":[],"pf-gt-secteurs-dintervention":[302],"class_list":["post-5162","projets-finances","type-projets-finances","status-publish","has-post-thumbnail","hentry","pf-gt-programme-ptmp-1","pf-gt-laureat-laureat-2022","pf-gt-financeur-la-guilde","pf-gt-odd-odd-12-consommation-et-production-responsables","pf-gt-odd-odd-13-mesures-relatives-a-la-lutte-contre-les-changements-climatiques","pf-gt-odd-odd-15-vie-terrestre","pf-gt-pays-daction-perou","pf-gt-secteurs-dintervention-climat-environnement-energie"],"yoast_head":"<!-- This site is optimized with the Yoast SEO plugin v27.3 - https:\/\/yoast.com\/product\/yoast-seo-wordpress\/ -->\n<title>Projets laur\u00e9ats de solidarit\u00e9 internationale La Guilde<\/title>\n<meta name=\"description\" content=\"Le p\u00f4le Microprojets produit et partage r\u00e9guli\u00e8rement les fiches projets laur\u00e9ats et de mutualise les exp\u00e9riences des associations de solidarit\u00e9 internationale sur la mise en \u0153uvre de ces microprojets\" \/>\n<meta name=\"robots\" content=\"noindex, follow\" \/>\n<script type=\"application\/ld+json\" class=\"yoast-schema-graph\">{\"@context\":\"https:\\\/\\\/schema.org\",\"@graph\":[{\"@type\":\"WebPage\",\"@id\":\"https:\\\/\\\/projets-solidaires.la-guilde.org\\\/projets-finances\\\/ecocuenca-territoires-durable-des-andes\\\/\",\"url\":\"https:\\\/\\\/projets-solidaires.la-guilde.org\\\/projets-finances\\\/ecocuenca-territoires-durable-des-andes\\\/\",\"name\":\"Projets laur\u00e9ats de solidarit\u00e9 internationale La Guilde\",\"isPartOf\":{\"@id\":\"https:\\\/\\\/projets-solidaires.la-guilde.org\\\/#website\"},\"primaryImageOfPage\":{\"@id\":\"https:\\\/\\\/projets-solidaires.la-guilde.org\\\/projets-finances\\\/ecocuenca-territoires-durable-des-andes\\\/#primaryimage\"},\"image\":{\"@id\":\"https:\\\/\\\/projets-solidaires.la-guilde.org\\\/projets-finances\\\/ecocuenca-territoires-durable-des-andes\\\/#primaryimage\"},\"thumbnailUrl\":\"https:\\\/\\\/projets-solidaires.la-guilde.org\\\/wp-content\\\/uploads\\\/2026\\\/02\\\/Elections-communales-participations-des-femmes.jpg\",\"datePublished\":\"2026-02-16T16:44:41+00:00\",\"dateModified\":\"2026-02-16T16:45:03+00:00\",\"description\":\"Le p\u00f4le Microprojets produit et partage r\u00e9guli\u00e8rement les fiches projets laur\u00e9ats et de mutualise les exp\u00e9riences des associations de solidarit\u00e9 internationale sur la mise en \u0153uvre de ces microprojets\",\"breadcrumb\":{\"@id\":\"https:\\\/\\\/projets-solidaires.la-guilde.org\\\/projets-finances\\\/ecocuenca-territoires-durable-des-andes\\\/#breadcrumb\"},\"inLanguage\":\"en-GB\",\"potentialAction\":[{\"@type\":\"ReadAction\",\"target\":[\"https:\\\/\\\/projets-solidaires.la-guilde.org\\\/projets-finances\\\/ecocuenca-territoires-durable-des-andes\\\/\"]}]},{\"@type\":\"ImageObject\",\"inLanguage\":\"en-GB\",\"@id\":\"https:\\\/\\\/projets-solidaires.la-guilde.org\\\/projets-finances\\\/ecocuenca-territoires-durable-des-andes\\\/#primaryimage\",\"url\":\"https:\\\/\\\/projets-solidaires.la-guilde.org\\\/wp-content\\\/uploads\\\/2026\\\/02\\\/Elections-communales-participations-des-femmes.jpg\",\"contentUrl\":\"https:\\\/\\\/projets-solidaires.la-guilde.org\\\/wp-content\\\/uploads\\\/2026\\\/02\\\/Elections-communales-participations-des-femmes.jpg\",\"width\":800,\"height\":450},{\"@type\":\"BreadcrumbList\",\"@id\":\"https:\\\/\\\/projets-solidaires.la-guilde.org\\\/projets-finances\\\/ecocuenca-territoires-durable-des-andes\\\/#breadcrumb\",\"itemListElement\":[{\"@type\":\"ListItem\",\"position\":1,\"name\":\"Accueil\",\"item\":\"https:\\\/\\\/projets-solidaires.la-guilde.org\\\/\"},{\"@type\":\"ListItem\",\"position\":2,\"name\":\"Les projets financ\u00e9s\",\"item\":\"https:\\\/\\\/projets-solidaires.la-guilde.org\\\/projets-finances\\\/\"},{\"@type\":\"ListItem\",\"position\":3,\"name\":\"Ecocuenca, Territoires durable des Andes\"}]},{\"@type\":\"WebSite\",\"@id\":\"https:\\\/\\\/projets-solidaires.la-guilde.org\\\/#website\",\"url\":\"https:\\\/\\\/projets-solidaires.la-guilde.org\\\/\",\"name\":\"Microprojet La Guilde\",\"description\":\"\",\"publisher\":{\"@id\":\"https:\\\/\\\/projets-solidaires.la-guilde.org\\\/#organization\"},\"potentialAction\":[{\"@type\":\"SearchAction\",\"target\":{\"@type\":\"EntryPoint\",\"urlTemplate\":\"https:\\\/\\\/projets-solidaires.la-guilde.org\\\/?s={search_term_string}\"},\"query-input\":{\"@type\":\"PropertyValueSpecification\",\"valueRequired\":true,\"valueName\":\"search_term_string\"}}],\"inLanguage\":\"en-GB\"},{\"@type\":\"Organization\",\"@id\":\"https:\\\/\\\/projets-solidaires.la-guilde.org\\\/#organization\",\"name\":\"Microprojet La Guilde\",\"url\":\"https:\\\/\\\/projets-solidaires.la-guilde.org\\\/\",\"logo\":{\"@type\":\"ImageObject\",\"inLanguage\":\"en-GB\",\"@id\":\"https:\\\/\\\/projets-solidaires.la-guilde.org\\\/#\\\/schema\\\/logo\\\/image\\\/\",\"url\":\"https:\\\/\\\/projets-solidaires.la-guilde.org\\\/wp-content\\\/uploads\\\/2025\\\/05\\\/logo-la-guilde-projets-solidaires.png\",\"contentUrl\":\"https:\\\/\\\/projets-solidaires.la-guilde.org\\\/wp-content\\\/uploads\\\/2025\\\/05\\\/logo-la-guilde-projets-solidaires.png\",\"width\":396,\"height\":201,\"caption\":\"Microprojet La Guilde\"},\"image\":{\"@id\":\"https:\\\/\\\/projets-solidaires.la-guilde.org\\\/#\\\/schema\\\/logo\\\/image\\\/\"}}]}<\/script>\n<!-- \/ Yoast SEO plugin. -->","yoast_head_json":{"title":"La Guilde International Solidarity Winning Projects","description":"The Microprojects division regularly produces and shares the winning project files and pools the experiences of international solidarity associations on the implementation of these microprojects.","robots":{"index":"noindex","follow":"follow"},"schema":{"@context":"https:\/\/schema.org","@graph":[{"@type":"WebPage","@id":"https:\/\/projets-solidaires.la-guilde.org\/projets-finances\/ecocuenca-territoires-durable-des-andes\/","url":"https:\/\/projets-solidaires.la-guilde.org\/projets-finances\/ecocuenca-territoires-durable-des-andes\/","name":"La Guilde International Solidarity Winning Projects","isPartOf":{"@id":"https:\/\/projets-solidaires.la-guilde.org\/#website"},"primaryImageOfPage":{"@id":"https:\/\/projets-solidaires.la-guilde.org\/projets-finances\/ecocuenca-territoires-durable-des-andes\/#primaryimage"},"image":{"@id":"https:\/\/projets-solidaires.la-guilde.org\/projets-finances\/ecocuenca-territoires-durable-des-andes\/#primaryimage"},"thumbnailUrl":"https:\/\/projets-solidaires.la-guilde.org\/wp-content\/uploads\/2026\/02\/Elections-communales-participations-des-femmes.jpg","datePublished":"2026-02-16T16:44:41+00:00","dateModified":"2026-02-16T16:45:03+00:00","description":"The Microprojects division regularly produces and shares the winning project files and pools the experiences of international solidarity associations on the implementation of these microprojects.","breadcrumb":{"@id":"https:\/\/projets-solidaires.la-guilde.org\/projets-finances\/ecocuenca-territoires-durable-des-andes\/#breadcrumb"},"inLanguage":"en-GB","potentialAction":[{"@type":"ReadAction","target":["https:\/\/projets-solidaires.la-guilde.org\/projets-finances\/ecocuenca-territoires-durable-des-andes\/"]}]},{"@type":"ImageObject","inLanguage":"en-GB","@id":"https:\/\/projets-solidaires.la-guilde.org\/projets-finances\/ecocuenca-territoires-durable-des-andes\/#primaryimage","url":"https:\/\/projets-solidaires.la-guilde.org\/wp-content\/uploads\/2026\/02\/Elections-communales-participations-des-femmes.jpg","contentUrl":"https:\/\/projets-solidaires.la-guilde.org\/wp-content\/uploads\/2026\/02\/Elections-communales-participations-des-femmes.jpg","width":800,"height":450},{"@type":"BreadcrumbList","@id":"https:\/\/projets-solidaires.la-guilde.org\/projets-finances\/ecocuenca-territoires-durable-des-andes\/#breadcrumb","itemListElement":[{"@type":"ListItem","position":1,"name":"Accueil","item":"https:\/\/projets-solidaires.la-guilde.org\/"},{"@type":"ListItem","position":2,"name":"Les projets financ\u00e9s","item":"https:\/\/projets-solidaires.la-guilde.org\/projets-finances\/"},{"@type":"ListItem","position":3,"name":"Ecocuenca, Territoires durable des Andes"}]},{"@type":"WebSite","@id":"https:\/\/projets-solidaires.la-guilde.org\/#website","url":"https:\/\/projets-solidaires.la-guilde.org\/","name":"La Guilde Microproject","description":"","publisher":{"@id":"https:\/\/projets-solidaires.la-guilde.org\/#organization"},"potentialAction":[{"@type":"SearchAction","target":{"@type":"EntryPoint","urlTemplate":"https:\/\/projets-solidaires.la-guilde.org\/?s={search_term_string}"},"query-input":{"@type":"PropertyValueSpecification","valueRequired":true,"valueName":"search_term_string"}}],"inLanguage":"en-GB"},{"@type":"Organization","@id":"https:\/\/projets-solidaires.la-guilde.org\/#organization","name":"La Guilde Microproject","url":"https:\/\/projets-solidaires.la-guilde.org\/","logo":{"@type":"ImageObject","inLanguage":"en-GB","@id":"https:\/\/projets-solidaires.la-guilde.org\/#\/schema\/logo\/image\/","url":"https:\/\/projets-solidaires.la-guilde.org\/wp-content\/uploads\/2025\/05\/logo-la-guilde-projets-solidaires.png","contentUrl":"https:\/\/projets-solidaires.la-guilde.org\/wp-content\/uploads\/2025\/05\/logo-la-guilde-projets-solidaires.png","width":396,"height":201,"caption":"Microprojet La Guilde"},"image":{"@id":"https:\/\/projets-solidaires.la-guilde.org\/#\/schema\/logo\/image\/"}}]}},"publishpress_future_workflow_manual_trigger":{"enabledWorkflows":[]},"_links":{"self":[{"href":"https:\/\/projets-solidaires.la-guilde.org\/en\/wp-json\/wp\/v2\/projets-finances\/5162","targetHints":{"allow":["GET"]}}],"collection":[{"href":"https:\/\/projets-solidaires.la-guilde.org\/en\/wp-json\/wp\/v2\/projets-finances"}],"about":[{"href":"https:\/\/projets-solidaires.la-guilde.org\/en\/wp-json\/wp\/v2\/types\/projets-finances"}],"wp:featuredmedia":[{"embeddable":true,"href":"https:\/\/projets-solidaires.la-guilde.org\/en\/wp-json\/wp\/v2\/media\/5164"}],"wp:attachment":[{"href":"https:\/\/projets-solidaires.la-guilde.org\/en\/wp-json\/wp\/v2\/media?parent=5162"}],"wp:term":[{"taxonomy":"pf-gt-programme","embeddable":true,"href":"https:\/\/projets-solidaires.la-guilde.org\/en\/wp-json\/wp\/v2\/pf-gt-programme?post=5162"},{"taxonomy":"pf-gt-laureat","embeddable":true,"href":"https:\/\/projets-solidaires.la-guilde.org\/en\/wp-json\/wp\/v2\/pf-gt-laureat?post=5162"},{"taxonomy":"pf-gt-financeur","embeddable":true,"href":"https:\/\/projets-solidaires.la-guilde.org\/en\/wp-json\/wp\/v2\/pf-gt-financeur?post=5162"},{"taxonomy":"pf-gt-odd","embeddable":true,"href":"https:\/\/projets-solidaires.la-guilde.org\/en\/wp-json\/wp\/v2\/pf-gt-odd?post=5162"},{"taxonomy":"pf-gt-pays-daction","embeddable":true,"href":"https:\/\/projets-solidaires.la-guilde.org\/en\/wp-json\/wp\/v2\/pf-gt-pays-daction?post=5162"},{"taxonomy":"pf-gt-sports","embeddable":true,"href":"https:\/\/projets-solidaires.la-guilde.org\/en\/wp-json\/wp\/v2\/pf-gt-sports?post=5162"},{"taxonomy":"pf-gt-secteurs-dintervention","embeddable":true,"href":"https:\/\/projets-solidaires.la-guilde.org\/en\/wp-json\/wp\/v2\/pf-gt-secteurs-dintervention?post=5162"}],"curies":[{"name":"wp","href":"https:\/\/api.w.org\/{rel}","templated":true}]}}

<!-- This site is optimized with the Yoast SEO plugin v27.3 - https://yoast.com/product/yoast-seo-wordpress/ -->
<title>Projets lauréats de solidarité internationale La Guilde</title>
<meta name="description" content="Le pôle Microprojets produit et partage régulièrement les fiches projets lauréats et de mutualise les expériences des associations de solidarité internationale sur la mise en œuvre de ces microprojets" />
<meta name="robots" content="noindex, follow" />
<script type="application/ld+json" class="yoast-schema-graph">{"@context":"https:\/\/schema.org","@graph":[{"@type":"WebPage","@id":"https:\/\/projets-solidaires.la-guilde.org\/projets-finances\/ecocuenca-territoires-durable-des-andes\/","url":"https:\/\/projets-solidaires.la-guilde.org\/projets-finances\/ecocuenca-territoires-durable-des-andes\/","name":"Projets lauréats de solidarité internationale La Guilde","isPartOf":{"@id":"https:\/\/projets-solidaires.la-guilde.org\/#website"},"primaryImageOfPage":{"@id":"https:\/\/projets-solidaires.la-guilde.org\/projets-finances\/ecocuenca-territoires-durable-des-andes\/#primaryimage"},"image":{"@id":"https:\/\/projets-solidaires.la-guilde.org\/projets-finances\/ecocuenca-territoires-durable-des-andes\/#primaryimage"},"thumbnailUrl":"https:\/\/projets-solidaires.la-guilde.org\/wp-content\/uploads\/2026\/02\/Elections-communales-participations-des-femmes.jpg","datePublished":"2026-02-16T16:44:41+00:00","dateModified":"2026-02-16T16:45:03+00:00","description":"Le pôle Microprojets produit et partage régulièrement les fiches projets lauréats et de mutualise les expériences des associations de solidarité internationale sur la mise en œuvre de ces microprojets","breadcrumb":{"@id":"https:\/\/projets-solidaires.la-guilde.org\/projets-finances\/ecocuenca-territoires-durable-des-andes\/#breadcrumb"},"inLanguage":"en-GB","potentialAction":[{"@type":"ReadAction","target":["https:\/\/projets-solidaires.la-guilde.org\/projets-finances\/ecocuenca-territoires-durable-des-andes\/"]}]},{"@type":"ImageObject","inLanguage":"en-GB","@id":"https:\/\/projets-solidaires.la-guilde.org\/projets-finances\/ecocuenca-territoires-durable-des-andes\/#primaryimage","url":"https:\/\/projets-solidaires.la-guilde.org\/wp-content\/uploads\/2026\/02\/Elections-communales-participations-des-femmes.jpg","contentUrl":"https:\/\/projets-solidaires.la-guilde.org\/wp-content\/uploads\/2026\/02\/Elections-communales-participations-des-femmes.jpg","width":800,"height":450},{"@type":"BreadcrumbList","@id":"https:\/\/projets-solidaires.la-guilde.org\/projets-finances\/ecocuenca-territoires-durable-des-andes\/#breadcrumb","itemListElement":[{"@type":"ListItem","position":1,"name":"Accueil","item":"https:\/\/projets-solidaires.la-guilde.org\/"},{"@type":"ListItem","position":2,"name":"Les projets financés","item":"https:\/\/projets-solidaires.la-guilde.org\/projets-finances\/"},{"@type":"ListItem","position":3,"name":"Ecocuenca, Territoires durable des Andes"}]},{"@type":"WebSite","@id":"https:\/\/projets-solidaires.la-guilde.org\/#website","url":"https:\/\/projets-solidaires.la-guilde.org\/","name":"Microprojet La Guilde","description":"","publisher":{"@id":"https:\/\/projets-solidaires.la-guilde.org\/#organization"},"potentialAction":[{"@type":"SearchAction","target":{"@type":"EntryPoint","urlTemplate":"https:\/\/projets-solidaires.la-guilde.org\/?s={search_term_string}"},"query-input":{"@type":"PropertyValueSpecification","valueRequired":true,"valueName":"search_term_string"}}],"inLanguage":"en-GB"},{"@type":"Organization","@id":"https:\/\/projets-solidaires.la-guilde.org\/#organization","name":"Microprojet La Guilde","url":"https:\/\/projets-solidaires.la-guilde.org\/","logo":{"@type":"ImageObject","inLanguage":"en-GB","@id":"https:\/\/projets-solidaires.la-guilde.org\/#\/schema\/logo\/image\/","url":"https:\/\/projets-solidaires.la-guilde.org\/wp-content\/uploads\/2025\/05\/logo-la-guilde-projets-solidaires.png","contentUrl":"https:\/\/projets-solidaires.la-guilde.org\/wp-content\/uploads\/2025\/05\/logo-la-guilde-projets-solidaires.png","width":396,"height":201,"caption":"Microprojet La Guilde"},"image":{"@id":"https:\/\/projets-solidaires.la-guilde.org\/#\/schema\/logo\/image\/"}}]}</script>
<!-- / Yoast SEO plugin. -->

Les projets financés
